**3. Let y(j) = -j**3 - 4*j**2 - 3*j - 38. Let p be y(-5). What is the remainder when 26 is divided by n(p)?
8
Suppose 0*l = -139*l + 29*l + 1430. What is the remainder when 106 is divided by l?
2
Suppose 12*v = -17 + 209. Let z(g) = -g**2 + 22*g + 7. Calculate the remainder when z(v) is divided by 27*(1 - -1) - 2.
51
Suppose 4*j + 332 = 2*u, 0 = -u - 0*j + 5*j + 169. Suppose 10*n + 24 - u = 0. What is the remainder when n is divided by 30/6 - (-1 - -3)?
2
Suppose -4*b - 120 = -12*b. Let i(x) = x**3 - 7*x**2 + 5*x + 13. Let l = 81 + -75. What is the remainder when b is divided by i(l)?
1
Let x be 6/9 - 308/(-6). Let i = -29 + x. Suppose o - 30 = -5*w, 4*w - 16 - 8 = 3*o. Calculate the remainder when i is divided by w.
5
Let r(l) = -8*l**3 + 3*l**2 - 42*l - 103. What is the remainder when 606 is divided by r(-2)?
36
Suppose 492 = -6*o + 510. Suppose q + 4*i = 141, o*i = q - 83 - 30. Calculate the remainder when q is divided by 32.
29
Let c = 14 + 89. Let t(d) = d**3 - 34*d**2 - 671*d - 22. Calculate the remainder when c is divided by t(48).
25
Suppose -4*n - 48 = -0. Calculate the remainder when 110 is divided by (-70 - 8)*(20/n + 1).
6
Let x be 197*-2*(-6)/(-12). Let j = 239 + x. Calculate the remainder when j is divided by 16.
10
Let d(y) = -6*y - 3. Let t(g) = 17*g**2 + 205*g - 17. What is the remainder when t(2) is divided by d(-6)?
32
Suppose -4*k + 7*k = -4*x + 31695, -5*x = 4*k - 42259. What is the remainder when k is divided by 18?
13
Suppose -264*v + 280*v - 3120 = 0. Calculate the remainder when 2339 is divided by v.
194
Suppose -35*d + 39*d - 944 = 0. Suppose -268 = -4*o - d. Calculate the remainder when 25 is divided by o.
1
Let q be (9 - (-152)/(-16))*(-52)/1. What is the remainder when ((-58)/(-3))/(2/6) is divided by (-520)/(-44) + (q/22 - 1)?
10
Let s be (-3 + 2 + 1)/1. Suppose 17*n + 15*n - 288 = s. Calculate the remainder when n is divided by 3.
0
Let a(k) = 40*k + 3257. Calculate the remainder when a(-68) is divided by 52.
17
Let w(b) = b + 40. Let f be 94/(9/12*4 + -1). Let a = f - 59. What is the remainder when 104 is divided by w(a)?
20
Let g = -4486 + 4547. What is the remainder when 1339 is divided by g?
58
Suppose 61 = 6*d - 17. Suppose 1258 = d*w - 3851. Calculate the remainder when w is divided by 22.
19
Suppose -2*g - 9*g = -7051. Suppose -63 + g = 17*s. Calculate the remainder when s is divided by (-4)/(-14) + (-655)/(-35).
15
Let d(u) be the third derivative of u**6/60 + u**5/60 - u**4/8 + u**3/2 - u**2. Calculate the remainder when (47/1 - -1)*1 is divided by d(2).
14
Suppose -127*n - 49*n + 2230 = 47*n. Suppose -3*u - 2 = -17. Calculate the remainder when n is divided by u.
0
Let h(m) be the first derivative of -m**4/2 + 9*m**3 - 21*m - 69. What is the remainder when h(13) is divided by 15?
13
Suppose 0 = 8*n - 4224 - 39232. Suppose n = -15*x + 43*x. What is the remainder when x is divided by 71?
52
Suppose -4*p + 5089 = 22*p + 4699. Suppose 0 = -b + 147 - 34. What is the remainder when b is divided by p?
8
Let r = -271 + 280. Let h(o) = -o**2 + 23*o - 107. Calculate the remainder when 75 is divided by h(r).
18
Calculate the remainder when (8 - -10)/(4 + (-970)/244) is divided by 16.
12
Let r(c) = c**2 - 4*c - 27. Calculate the remainder when 972 is divided by r(-11).
6
Let s be (-2*3)/(0 - -2). Let q be -2 - s/(9/15) - -3. Suppose q*b - 9*b + 39 = 0. What is the remainder when 74 is divided by b?
9
Let i = 474 - 348. Calculate the remainder when i is divided by 22.
16
Let z = -6 - -11. Suppose 0 = -z*k + 3*k + 26. Suppose -10*w - 399 = -k*w. Calculate the remainder when w is divided by 34.
31
Let m = -687 - -693. Suppose -5*q = -4*q - 2. What is the remainder when (m/4*-2)/(q/(-24)) is divided by 10?
6
Let o(i) be the first derivative of -28*i + 1/3*i**3 - 16 + 23/2*i**2. What is the remainder when 107 is divided by o(-25)?
19
Suppose -n + 5*f + 204 = 0, 5*n - 6*f = -8*f + 912. Let b = n + -66. What is the remainder when b is divided by 20?
18
Let y(l) = -11*l**3 + 5*l**2 + 7*l + 7. Let p be y(-3). Let m = 409 - p. Calculate the remainder when 241 is divided by m.
79
Let x(c) = -2*c**3 - c**2 + c + 1. What is the remainder when (-4240)/120*(-4 - (-10)/4) is divided by x(-2)?
9
What is the remainder when ((-1455)/35 - 5)*2/((-8)/14) is divided by 57?
49
Let w(r) = 30*r + 3. Let k be w(3). Suppose -g - b = g - 39, -2*b = -5*g + k. Suppose 0 = 2*j + 43 - 97. Calculate the remainder when j is divided by g.
8
Let u = 47707 + -39904. What is the remainder when u is divided by 244?
239
Let o(m) = -42*m + 453. Calculate the remainder when 4347 is divided by o(9).
72
Let l = 4779 - 4754. What is the remainder when 760 is divided by l?
10
Suppose i - 7 = -10, d + 4*i = 80. Calculate the remainder when d is divided by (6/1)/(((-105)/80)/(-7)).
28
Let g = -2281 - -2305. Let n be -38*2/(8/(-6)). Let o = n + g. What is the remainder when o is divided by 28?
25
Suppose -9*p - 236 = -13*p. Let t = p + 0. Suppose -5 = 2*i - t. Calculate the remainder when 80 is divided by i.
26
What is the remainder when 102 is divided by (-2)/51 - (-374832)/7344?
0
Let i be -55*(-8)/80*-4. What is the remainder when (1/(-1) - -2) + 43 is divided by (-3 - i/6)*(-54)/(-4)?
8
Suppose 111*d - 29280 = 15*d. Calculate the remainder when d is divided by 84.
53
Let i = 16 + -28. Calculate the remainder when 10/(((-170)/i)/17) is divided by 10.
2
Suppose -g + 17*v - 15*v = -5133, -15410 = -3*g - 5*v. What is the remainder when g is divided by 107?
106
Let l be 0 + 1295 + -39 + 40. Suppose -23*s = 4*s - l. Calculate the remainder when 139 is divided by s.
43
Suppose -71 = -2*w + 3. Let o = 14424 - 14353. What is the remainder when o is divided by w?
34
Let l(n) = 2*n**3 - 6*n - 12. Let v be l(5). Let h = 250 - v. Calculate the remainder when h is divided by 7.
0
Let k = -12769 + 12810. Suppose 0 = b - 2*j - 112, -3*j + 380 = 3*b + 2*j. Calculate the remainder when b is divided by k.
38
Let c = 35 - -49. Suppose 6*n + c = 360. Calculate the remainder when n is divided by 11.
2
Let x(d) = 8*d**3 - 4*d**2 - 2. Suppose 10*w - 69 = w + 66. Calculate the remainder when x(3) is divided by w.
13
Suppose 0 = -15*o + 4*o - 2079. What is the remainder when 419 is divided by (-272)/(-9) + 42/o?
29
Let a(q) = -q**2 + 274*q - 6188. Suppose 4*i = -3*o + i + 87, 0 = 2*o - 4*i - 70. What is the remainder when a(25) is divided by o?
6
Let i be (4 - (6 - 3))*-4. Let c be ((-2)/i)/((-23)/(-138)). Suppose -6*f + c*a + 128 = -f, 2*f + a = 49. Calculate the remainder when 124 is divided by f.
24
Let q(t) = -t**3 + 7*t**2 + 14*t - 23. Let d(j) = -j**3 + 8*j**2 + 15*j - 24. Let a(w) = 6*d(w) - 7*q(w). What is the remainder when a(3) is divided by 3?
2
Let v(g) = 881*g - 1003. What is the remainder when v(2) is divided by 52?
31
Let o(a) = a**3 + 17*a**2 + 65*a + 29. Calculate the remainder when 204 is divided by o(-7).
12
Let m = -31070 + 31273. Calculate the remainder when 905 is divided by m.
93
Suppose 16 = -0*j - 2*j. Suppose -90*a + 207 = -67*a. What is the remainder when (-266)/j + (-2)/8 is divided by a?
6
Let k(p) = -21*p + 1. Suppose 1 = -0*l - l. What is the remainder when -7 - (-460)/3*(-2)/(-8)*3 is divided by k(l)?
20
Let n(t) be the second derivative of 3*t**2 + 4/3*t**3 - 13*t + 0. What is the remainder when 123 is divided by n(1)?
11
What is the remainder when 53 is divided by ((-360)/(-675))/(4/330)?
9
What is the remainder when 2/180*-18 + -2 + 2311/5 is divided by 58?
54
Let f(v) = 16*v**2 + 85*v + 177. Calculate the remainder when f(-2) is divided by 10.
1
Suppose 7*o - 4*o = 18, 90 = d - 5*o. Calculate the remainder when 1814 is divided by d.
14
Let f(p) = p**2 + 16*p + 62. Let m be f(-6). Suppose 2*n + m*n = -3*z + 100, -z - 25 = -n. Calculate the remainder when n is divided by 20.
5
Suppose 211 + 84 = 3*h - 5*l, -4*l = 4*h - 308. Calculate the remainder when h is divided by (-44)/2*6/(-4).
19
Let v = 918 + -881. Suppose 9*l - 10*l + 180 = 0. What is the remainder when l is divided by v?
32
Let h(k) = 3*k**2 - 34*k - 140. What is the remainder when h(-5) is divided by 17?
3
Let i(t) = 4*t**2 - 77*t + 65. Calculate the remainder when i(19) is divided by 6.
4
Suppose 2*y + 3*y = 5*i, y + 12 = -3*i. Let q be 130*y/(-2) + (-3)/(-1). Suppose 202*b - q*b = 6